or of 33 and 3267.
33
Calculate the highest common factor of 375 and 9.
3
Calculate the greatest common divisor of 425 and 50.
25
Calculate the highest common divisor of 10225 and 10.
5
What is the greatest common factor of 33906 and 6?
6
Calculate the greatest common factor of 123 and 287.
41
What is the greatest common factor of 50 and 230?
10
Calculate the highest common factor of 950 and 130.
10
Calculate the highest common factor of 36 and 333.
9
Calculate the highest common divisor of 28 and 126.
14
Calculate the greatest common divisor of 63 and 6363.
63
Calculate the greatest common divisor of 2359 and 63.
7
What is the greatest common factor of 16 and 3?
1
Calculate the greatest common factor of 255 and 119.
17
Calculate the greatest common factor of 66 and 48.
6
Calculate the highest common factor of 1674 and 31.
31
Calculate the greatest common factor of 60 and 15780.
60
What is the greatest common divisor of 198 and 90?
18
What is the highest common factor of 9933 and 21?
21
What is the highest common divisor of 1022 and 28?
14
Calculate the highest common factor of 209 and 77.
11
What is the greatest common divisor of 27 and 513?
27
Calculate the greatest common factor of 2200 and 88.
88
Calculate the highest common factor of 20 and 1060.
20
Calculate the highest common divisor of 88 and 10384.
88
Calculate the greatest common divisor of 10276 and 28.
28
Calculate the greatest common factor of 105 and 2170.
35
What is the greatest common divisor of 204 and 36?
12
Calculate the greatest common factor of 468 and 2704.
52
What is the greatest common divisor of 22 and 17017?
11
Calculate the highest common factor of 200 and 125.
25
Calculate the greatest common factor of 6282 and 144.
18
Calculate the highest common divisor of 136 and 24344.
136
Calculate the highest common divisor of 221 and 299.
13
What is the highest common factor of 3570 and 14?
14
What is the greatest common divisor of 864 and 27?
27
Calculate the greatest common factor of 69 and 15.
3
What is the highest common factor of 4059 and 99?
99
Calculate the highest common divisor of 767 and 39.
13
Calculate the highest common divisor of 882 and 18.
18
What is the highest common factor of 473 and 55?
11
What is the highest common divisor of 440 and 200?
40
Calculate the greatest common factor of 493 and 1870.
17
Calculate the greatest common divisor of 280 and 328.
8
Calculate the highest common factor of 14 and 1414.
14
Calculate the greatest common factor of 575 and 25.
25
What is the highest common divisor of 56 and 2632?
56
Calculate the highest common divisor of 34 and 578.
34
Calculate the highest common factor of 989 and 207.
23
Calculate the highest common divisor of 17100 and 60.
60
What is the highest common divisor of 380 and 340?
20
What is the greatest common divisor of 32 and 1328?
16
What is the highest common factor of 19 and 5909?
19
What is the greatest common divisor of 82 and 21074?
82
Calculate the greatest common factor of 6 and 51.
3
What is the greatest common divisor of 14 and 2177?
7
Calculate the greatest common factor of 282 and 78.
6
What is the greatest common factor of 26 and 29705?
13
Calculate the greatest common divisor of 198 and 2112.
66
What is the greatest common factor of 615 and 45?
15
Calculate the greatest common factor of 612 and 7616.
68
Calculate the greatest common factor of 500 and 75.
25
What is the highest common divisor of 111 and 111?
111
What is the highest common factor of 56240 and 380?
380
What is the highest common factor of 634 and 1?
1
Calculate the highest common factor of 32772 and 12.
12
What is the greatest common factor of 54 and 675?
27
Calculate the greatest common factor of 2432 and 475.
19
What is the greatest common factor of 366 and 6?
6
What is the greatest common factor of 7 and 77?
7
What is the greatest common divisor of 14 and 4795?
7
What is the greatest common factor of 595 and 731?
17
Calculate the greatest common divisor of 125 and 475.
25
Calculate the greatest common factor of 3455 and 5.
5
What is the highest common factor of 88 and 308?
44
What is the greatest common divisor of 2 and 43?
1
Calculate the greatest common factor of 1157 and 9523.
89
Calculate the highest common divisor of 133 and 28329.
133
Calculate the highest common factor of 576 and 1296.
144
Calculate the highest common divisor of 781 and 71.
71
What is the greatest common factor of 10 and 1130?
10
What is the highest common factor of 12 and 8628?
12
What is the greatest common factor of 48 and 2240?
16
Calculate the greatest common divisor of 168 and 264.
24
Calculate the highest common factor of 18 and 46.
2
What is the highest common divisor of 2378 and 58?
58
Calculate the highest common divisor of 5100 and 68.
68
Calculate the highest common factor of 14 and 45038.
14
Calculate the highest common divisor of 128 and 16.
16
What is the greatest common divisor of 1398 and 3?
3
Calculate the highest common divisor of 110 and 3960.
110
Calculate the greatest common factor of 1168 and 48.
16
Calculate the greatest common factor of 26 and 234.
26
What is the greatest common divisor of 516 and 12?
12
What is the greatest common divisor of 98 and 2793?
49
What is the highest common divisor of 214 and 11663?
107
Calculate the highest common factor of 5840 and 160.
80
What is the greatest common factor of 34 and 2482?
34
What is the greatest common divisor of 507 and 39?
39
What is the greatest common factor of 40 and 21740?
20
What is the greatest common divisor of 415 and 332?
83
What is the greatest common divisor of 63 and 266?
7
Calculate the highest common factor of 106 and 4346.
106
Calculate the highest common divisor of 370 and 518.
74
What is the greatest common factor of 1840 and 16?
16
What is the highest common factor of 54 and 558?
18
Calculate the greatest common divisor of 23446 and 38.
38
What is the greatest common divisor of 300 and 16380?
60
What is the highest common factor of 1740 and 60?
60
What is the highest common divisor of 2178 and 162?
18
What is the greatest common divisor of 10068 and 12?
12
What is the highest common factor of 1449 and 99?
9
Calculate the greatest common divisor of 129 and 3.
3
What is the highest common factor of 120 and 1240?
40
Calculate the highest common divisor of 18 and 846.
18
Calculate the greatest common factor of 160 and 84.
4
What is the greatest common divisor of 22160 and 30?
10
Calculate the greatest common divisor of 144 and 48.
48
Calculate the highest common factor of 16 and 152.
8
Calculate the greatest common factor of 80 and 64.
16
What is the highest common factor of 457 and 2?
1
What is the highest common divisor of 30 and 345?
15
What is the highest common divisor of 114 and 8?
2
Calculate the highest common divisor of 369 and 72.
9
What is the greatest common divisor of 308 and 14?
14
What is the highest common factor of 25 and 29?
1
What is the highest common divisor of 243 and 63?
9
Calculate the greatest common factor of 33 and 24.
3
Calculate the highest common divisor of 1498 and 2033.
107
Calculate the highest common divisor of 339 and 9.
3
What is the highest common factor of 116 and 3277?
29
What is the highest common divisor of 9565 and 5?
5
Calculate the greatest common divisor of 5 and 790.
5
Calculate the greatest common factor of 206 and 3193.
103
What is the greatest common factor of 142 and 35713?
71
Calculate the greatest common divisor of 378 and 42.
42
What is the highest common factor of 2 and 18?
2
Calculate the greatest common factor of 11 and 7117.
11
Calculate the greatest common factor of 150 and 18690.
30
What is the highest common factor of 175 and 325?
25
What is the greatest common factor of 10416 and 112?
112
Calculate the greatest common divisor of 108 and 180.
36
What is the highest common factor of 765 and 45?
45
What is the highest common factor of 714 and 68?
34
What is the greatest common factor of 69 and 23?
23
What is the greatest common divisor of 48 and 204?
12
Calculate the highest common divisor of 1799 and 28.
7
What is the highest common factor of 28 and 2422?
14
What is the highest common divisor of 330 and 726?
66
What is the highest common divisor of 6 and 30?
6
What is the highest common divisor of 160 